58?
2, 1489, 2032711
What are the prime factors of 25889069?
53, 488473
What are the prime factors of 1988554932?
2, 3, 7, 13, 607007
What are the prime factors of 4585792512?
2, 3, 7, 213253
What are the prime factors of 7208675008?
2, 47, 53, 103, 439
List the prime factors of 67230141.
3, 11, 113, 149
List the prime factors of 1773269175.
3, 5, 4657, 5077
List the prime factors of 798986816.
2, 131, 157, 607
List the prime factors of 723757629.
3, 7, 23, 37, 40499
What are the prime factors of 479976587?
79, 76907
List the prime factors of 405296277.
3, 19, 233, 30517
What are the prime factors of 98079699?
3, 293, 111581
What are the prime factors of 4587923?
1009, 4547
What are the prime factors of 920506465?
5, 184101293
What are the prime factors of 1177074185?
5, 7, 29, 31, 37409
What are the prime factors of 10608468?
2, 3, 13, 5231
List the prime factors of 45793802.
2, 41, 53, 257
List the prime factors of 1034268338.
2, 17, 5009, 6073
What are the prime factors of 64444928?
2, 191, 659
List the prime factors of 2947994659.
3989, 739031
What are the prime factors of 84210113?
13, 29, 37, 6037
List the prime factors of 260246541.
3, 23, 3771689
List the prime factors of 71968562.
2, 47, 765623
What are the prime factors of 2428371659?
7, 311, 1115467
What are the prime factors of 1008774963?
3, 7, 23, 30269
What are the prime factors of 21903046?
2, 11, 995593
What are the prime factors of 21663237?
3, 7221079
List the prime factors of 6638586.
2, 3, 241, 4591
List the prime factors of 260413195.
5, 7, 1062911
List the prime factors of 57024947.
7, 19, 428759
What are the prime factors of 1790136431?
17, 997, 105619
What are the prime factors of 533114633?
769, 693257
List the prime factors of 7449740803.
23567, 316109
What are the prime factors of 649526467?
649526467
What are the prime factors of 35868867?
3, 317, 37717
List the prime factors of 1207679229.
3, 479, 280139
What are the prime factors of 10315527?
3, 61, 56369
List the prime factors of 602887231.
602887231
List the prime factors of 3768978796.
2, 11, 85658609
List the prime factors of 650130589.
37, 17571097
List the prime factors of 30826030.
2, 5, 67, 139, 331
List the prime factors of 2746338.
2, 3, 7, 23, 2843
List the prime factors of 350049946.
2, 175024973
List the prime factors of 87337158.
2, 3, 14556193
List the prime factors of 26504393.
59, 449227
What are the prime factors of 701472469?
23, 137, 222619
What are the prime factors of 20911589?
20911589
List the prime factors of 4466693251.
127, 797, 44129
List the prime factors of 1279638922.
2, 639819461
List the prime factors of 303226226.
2, 151613113
List the prime factors of 500098574.
2, 311, 804017
What are the prime factors of 68419546?
2, 13, 587, 4483
List the prime factors of 51615004.
2, 7, 53, 34781
List the prime factors of 1014809123.
5867, 172969
List the prime factors of 152556529.
19, 8029291
List the prime factors of 151192541.
151192541
List the prime factors of 1347741179.
1741, 774119
List the prime factors of 927971503.
17, 54586559
List the prime factors of 43093965.
3, 5, 607, 4733
What are the prime factors of 60491351?
60491351
What are the prime factors of 136199382?
2, 3, 11, 2063627
What are the prime factors of 12042602?
2, 11, 13, 41, 79
List the prime factors of 23276069.
23, 41, 24683
List the prime factors of 32559147.
3, 3617683
What are the prime factors of 3558965994?
2, 3, 197720333
What are the prime factors of 100382239?
100382239
List the prime factors of 775018648.
2, 96877331
What are the prime factors of 77351715?
3, 5, 7, 245561
List the prime factors of 2856335505.
3, 5, 31, 197, 31181
What are the prime factors of 547129236?
2, 3, 67, 680509
List the prime factors of 8416117140.
2, 3, 5, 2707, 51817
What are the prime factors of 202209923?
202209923
What are the prime factors of 107955849?
3, 919, 39157
List the prime factors of 631436208.
2, 3, 13, 1011917
List the prime factors of 134320861.
19, 31, 228049
What are the prime factors of 52255867?
52255867
What are the prime factors of 15114860?
2, 5, 139, 5437
List the prime factors of 67718422.
2, 29, 1167559
What are the prime factors of 210416504?
2, 1973, 13331
What are the prime factors of 52155993?
3, 17385331
List the prime factors of 231786275.
5, 7, 61, 21713
List the prime factors of 4441384140.
2, 3, 5, 19, 151, 25801
List the prime factors of 1805156550.
2, 3, 5, 1337153
What are the prime factors of 524155248?
2, 3, 3639967
List the prime factors of 74602860.
2, 3, 5, 79, 15739
List the prime factors of 169916624.
2, 1229, 8641
What are the prime factors of 35450259?
3, 13, 167, 5443
What are the prime factors of 412579651?
11, 31, 71, 17041
What are the prime factors of 4599815007?
3, 1533271669
List the prime factors of 58646477.
58646477
List the prime factors of 11318162.
2, 23, 31, 7937
What are the prime factors of 3128826420?
2, 3, 5, 5794123
List the prime factors of 212832962.
2, 17, 6259793
List the prime factors of 257685987.
3, 13, 2459, 2687
List the prime factors of 4506253560.
2, 3, 5, 19, 71, 1031
List the prime factors of 782137189.
25951, 30139
What are the prime factors of 3468693345?
3, 5, 13, 17, 661, 1583
List the prime factors of 568752159.
3, 189584053
What are the prime factors of 69854764?
2, 7, 167, 14939
List the prime factors of 1873411688.
2, 41, 79, 197, 367
What are the prime factors of 3010944551?
113, 2957, 9011
List the prime factors of 989043381.
3, 5113, 21493
List the prime factors of 531354.
2, 3, 19, 59, 79
List the prime factors of 50025403.
367, 136309
List the prime factors of 708293808.
2, 3, 546523
List the prime factors of 364071544.
2, 45508943
List the prime factors of 24195013.
499, 48487
List the prime factors of 1831720998.
2, 3, 17, 1609, 11161
What are the prime factors of 364370924?
2, 67, 907, 1499
List the prime factors of 36235764.
2, 3, 23, 107, 409
List the prime factors of 126436052.
2, 233, 135661
What are the prime factors of 683005697?
11, 163, 380929
What are the prime factors of 2604709049?
41, 59, 1076771
What are the prime factors of 20390769?
3, 7, 17, 79, 241
List the prime factors of 89153100.
2, 3, 5, 17, 5827
List the prime factors of 84573961.
1031, 82031
What are the prime factors of 169695746?
2, 11, 7713443
List the prime factors of 469394473.
617, 760769
What are the prime factors of 1289712109?
7, 137, 167, 8053
What are the prime factors of 19060195?
5, 7, 11, 31, 1597
List the prime factors of 1263841435.
5, 67, 1327, 2843
List the prime factors of 2486778622.
2, 179, 397, 17497
What are the prime factors of 675545281?
675545281
What are the prime factors of 311307903?
3, 34589767
What are the prime factors of 234644414?
2, 19, 1291, 4783
List the prime factors of 207527028.
2, 3, 73, 241, 983
List the prime factors of 3134458286.
2, 1567229143
List the prime factors of 93056948.
2, 23264237
List the prime factors of 26913309.
3, 1409, 6367
List the prime factors of 447088752.
2, 3, 11, 282253
What are the prime factors of 240409454?
2, 120204727
What are the prime factors of 1139037599?
7, 162719657
What are the prime factors of 1240923624?
2, 3, 51705151
List the prime factors of 173902587.
3, 67, 593, 1459
What are the prime factors of 20216364?
2, 3, 7, 29, 43, 193
What are the prime factors of 1828833026?
2, 157, 5824309
List the prime factors of 33577730.
2, 5, 1787, 1879
List the prime factors of 192990006.
2, 3, 11, 569, 571
What are the prime factors of 10286782?
2, 11, 137, 3413
List the prime factors of 250470141.
3, 19, 43, 102191
What are the prime factors of 5035280132?
2, 1258820033
List the prime factors of 122083367.
7, 523, 33347
List the prime factors of 3592920.
2, 3, 5, 79, 379
List the prime factors of 333781524.
2, 3, 2389, 3881
What are the prime factors of 53757353?
13, 43, 96167
List the prime factors of 117783495.
3, 5, 2617411
List the prime factors of 354048145.
5, 11, 6437239
What are the prime factors of 7772789?
7772789
What are the prime factors of 1202709417?
3, 7, 13, 1123, 3923
What are the prime factors of 189342857?
11, 491, 3187
What are the prime factors of 193170948?
2, 3, 19, 569, 1489
List the prime factors of 28718092.
2, 13, 552271
List the prime factors of 454370799.
